) = -n**3 - 8*n**2 - 2*n - 12. Let z be 10/1*(-8)/10. Let h be m(z). Calculate the greatest common factor of h and q.
4
Let s = 7171 - 7143. Calculate the greatest common factor of 63 and s.
7
Let q = -1097 + 1157. Suppose 4*v - 35 = -2*l + 7*l, -3*v + l + 40 = 0. What is the highest common divisor of v and q?
15
Let u be (-112 - -110) + 2484 + 0/(-1). What is the highest common factor of 68 and u?
34
Let x = 174 - 174. Suppose 5*r + 25 = x, -4*z + r = -3*r - 152. Calculate the greatest common factor of 3 and z.
3
Suppose -x + 3*k = -1401, 2*k - 1157 = 4*x - 6711. Suppose s - 4*s = -x. Suppose -9*t + s = -456. Calculate the highest common factor of t and 17.
17
Let i(k) = 17 - 4*k - 2*k + 19*k - 8*k. Let m be i(-1). What is the greatest common factor of m and 372?
12
Suppose 133*f - 1680 = -35*f. Calculate the highest common factor of f and 3695.
5
Suppose -95*l + 62*l + 495 = 0. Suppose 0 = -q + 14 - 7. Let z = q - 1. Calculate the highest common divisor of l and z.
3
Suppose -5*s + 106 = 3*g, -4*s - 20 = -5*s - g. Let q = s + 1. Let p(x) = x**2 - x - 35. Let j be p(q). What is the greatest common divisor of j and 47?
47
Let t = 0 + 0. Suppose 9*l - 6*l + 12 = t. Let u = 35 - l. What is the greatest common factor of 13 and u?
13
Let m be 54910/(-228) - 1/6. Let o = m + 304. What is the greatest common factor of o and 1008?
63
Let n be 2/2*((2 - -1) + 6). Suppose 0 = 2*g + 10, -14*v + n*v = 3*g - 265. Calculate the highest common divisor of v and 8.
8
Suppose -4*n = -3*f - 3*n - 246, -4*f + 3*n - 333 = 0. Let i be 3/(f/(-951)) - (-14)/(-63). What is the highest common factor of i and 105?
35
Suppose 0 = -349*h - 15*h + 91728. Calculate the greatest common divisor of 3420 and h.
36
Suppose -35*n + 32*n = -27. Let f be (-2 + 4 - 5) + n. Calculate the greatest common factor of 66 and f.
6
Suppose 5*s - 2*t = -436, -s - 2*t = -5*s - 350. Let w = s + 91. Suppose -u + 181 = 2*o, -w*o - 3 = 7. What is the greatest common divisor of 74 and u?
37
Suppose 9*s = 3*s - 144. Let z be s/(-96) + (-111)/(-4). Let a be 394/14 + ((-5)/35 - 0). What is the highest common factor of z and a?
28
Let j = 2019 + -965. Suppose -j = 2*y - 5*y + 4*z, z = y - 351. Calculate the highest common divisor of 140 and y.
70
Let i(t) = 150*t + 384. Let a be i(-6). Let u = a + 549. What is the highest common divisor of 561 and u?
33
Let s = -503 + 489. Let z be (-340)/(-14) - 2 - (-4)/s. Calculate the greatest common factor of z and 22.
22
Let y be (-56 - (-10951)/188)/(-1 - 2438/(-2432)). Calculate the greatest common divisor of 288 and y.
48
Let r = -203 + 243. Suppose -241 = -3*f + j, -f - j + 43 = -r. What is the greatest common divisor of f and 108?
27
Let y(j) = -160*j**3 - 3*j - 3. Let l be y(-1). What is the greatest common divisor of l and 14240?
160
Suppose 5*g + 3*t = 142, -100 = -50*g + 46*g + t. Let h(y) = 339*y**2 + y. Let k be h(-1). Calculate the highest common divisor of k and g.
26
Let t be ((-86)/43*(-12)/(-32))/(6/(-32)). Let c(h) = 3*h + 2 + 3*h - 1 - h**2. Let q be c(6). What is the highest common factor of q and t?
1
Suppose 5 = 2*g + 15, -5*p = -4*g - 10. Let k = 32 + p. Suppose -4*l + 5*m = 10*m + 1, 45 = 5*l - 3*m. Calculate the highest common factor of l and k.
6
Let k = -4 - -9. Suppose -3*w + 5*c = -696, k*w - c = 1542 - 382. Let n = -4687 + 4716. What is the highest common factor of n and w?
29
Suppose o - 2*h - 89 = 0, -h + 1 = -0*h. Let g = -9 - -35. What is the greatest common factor of g and o?
13
Suppose -4*h + 4*g = -23180, 4*h - 23180 = 382*g - 381*g. Calculate the greatest common divisor of h and 95.
95
Let a be 490/(6/4*(-10)/(-15)). Suppose -2*f = a - 598. Calculate the highest common divisor of f and 144.
18
Suppose -4*f = -2*h + 590, 0 = -135*h + 133*h + f + 581. What is the highest common divisor of h and 510?
17
Let h(w) = -w**3 + 3*w + 1. Let x be h(-2). Let a(g) = -2*g**2 + 9*g - 6. Let r be a(x). What is the highest common divisor of r and 51?
3
Suppose m + 0*m + 5*l = 24028, 0 = m + 3*l - 24020. What is the greatest common factor of 8 and m?
8
Suppose -2*n = -4*j + 76, -3*j - 76*n + 81*n = -71. Let h(b) = 101*b**2 - b. Let s be h(1). Let i = -66 + s. Calculate the greatest common divisor of i and j.
17
Let l be 228/12 - (2 + -3). Let h(w) = w**3 - 20*w**2 + 5*w - 5. Let z be h(l). What is the highest common factor of z and 38?
19
Let c(o) = -5*o**2 - o. Let u be c(-1). Let x(v) = 5622*v - 7 - 5621*v + 2*v**2 + 0*v**2. Let p be x(u). Calculate the highest common factor of 3 and p.
3
Let k = 201 + -188. Suppose -6*d + 3*f + k = -5*d, 5*d = 2*f + 104. What is the highest common factor of 2 and d?
2
Let a(l) = 2*l + 15. Let j be a(-5). Suppose -5*n + 2*x + 115 = 3*x, 4*x - 115 = -j*n. Suppose v - n - 25 = 0. What is the highest common factor of v and 32?
16
Suppose 4 = -r, 4*p + 3*r - 7 = 77. Let s(g) = 5*g + 1. Let k be s(3). What is the highest common divisor of k and p?
8
Suppose -470*h - 17577 = -501*h. What is the highest common divisor of 84 and h?
21
Suppose -b = -4*l - 588, 5*l + 1615 - 457 = 2*b. Calculate the highest common divisor of 96 and b.
12
Let j = -76 + 71. Let y be (j + 3)/(3/(-96)). What is the greatest common factor of y and 224?
32
Suppose c - 299 = -2*k, 2*c - 744 = -5*k + 3*c. Let p = k + 104. What is the greatest common factor of 23 and p?
23
Let p be 75/(-30) - -1*(-1)/(-2). Let u be (-17)/p - 3/2. Let b(o) = -3*o + 54. Let m be b(u). Calculate the highest common factor of m and 33.
33
Suppose 3*b - 4*w - 87768 = 0, 3*w - 177069 = -4*b - 59995. What is the greatest common divisor of 236 and b?
236
Suppose 213*o - 631*o + 8583630 = 0. What is the greatest common factor of o and 185?
185
Let d be ((715/10)/11 - 5)*(-1680)/(-36). What is the highest common divisor of d and 1370?
10
Let w(p) = 79*p**2 - 56*p - 165. Let t be w(-3). Calculate the highest common factor of 546 and t.
42
Suppose 20 = 5*v, 5*m - 13 - 78 = -4*v. Let o be 6/(-4)*(-2720)/m. Calculate the highest common divisor of 16 and o.
16
Let y(h) = -h + 2. Let o be y(0). Let j be o + 19 + (-9 - -8). Let b = -89 - -93. Calculate the highest common factor of b and j.
4
Let a = 45 + -41. Suppose -3*k = -a*k - 8. Let d be -2 - (4 + k) - -16. Calculate the highest common divisor of d and 198.
18
Let z be (-3)/((-142)/92 + 18/12). Let q = z - -9. Suppose -9*j + 12 = -q. What is the highest common factor of j and 10?
10
Suppose 0 = -h + 48 - 51, -3*h + 1343 = c. What is the greatest common divisor of 1404 and c?
52
Let g(t) = t**3 - 33*t**2 - 33*t - 25. Suppose -7*z + 612 = 11*z. Let n be g(z). What is the greatest common divisor of 3 and n?
3
Let o(x) = -18*x**3 + 3*x**2 + 6*x. Let n be o(-2). Let c = -90 + n. What is the greatest common factor of 126 and c?
18
Let g be 1085/4*(-432)/(-378). Calculate the highest common divisor of 10 and g.
10
Suppose 13*i + 28 = 14*i. Let m(h) = h**3 - 2*h**2 + 8*h - 9. Let s be m(6). Let t = s + 41. What is the greatest common factor of i and t?
28
Let o = -12022 - -12152. Let m = 68 - 48. What is the highest common factor of m and o?
10
Suppose 0 = 4*o + 2*o - 6. Let v be (10400/(-150))/(o/(-3)). What is the highest common divisor of v and 8?
8
Let x = 18369 + -7069. What is the highest common factor of 20 and x?
20
Suppose 0 = -213*t - 50*t + 607 + 708. What is the greatest common factor of 4765 and t?
5
Suppose -4*p - 32 = r, -3*r = -7*p + 3*p + 160. Let t = -28 - r. Calculate the highest common divisor of 340 and t.
20
Let f = 262 + -234. Suppose 0 = 3*d + 2*z - 1090, -3*z = d - 7*z - 368. Calculate the greatest common factor of f and d.
28
Let u = -806 + 822. Let y be -2*(-7 + 3) - 3. Let v = y + -1. What is the highest common factor of v and u?
4
Suppose -663*w + 657*w + 4470 = 0. Calculate the greatest common factor of w and 10.
5
Let n(x) = 25*x**2 - 89*x + 25. Let k be n(10). What is the highest common divisor of 45 and k?
15
Let n = -61 - -58. Let b be (12/(-4) - n)/3. Let o be b/(-1) - 154/(-7). What is the greatest common divisor of 33 and o?
11
Suppose -23*v + 49*v - 783 = -61*v. Suppose 4*w - 62 = -0*w + 2*i, 5*i = 3*w - 50. Calculate the greatest common divisor of w and v.
3
Let z be (-25 - 5918/(-242)) + (-4984)/(-22). Calculate the highest common divisor of 4 and z.
2
Let a(t) = -3*t - 3. Let d be a(-